{"id":123,"date":"2025-10-11T09:06:46","date_gmt":"2025-10-11T09:06:46","guid":{"rendered":"https:\/\/biscandles.pt\/?post_type=product&#038;p=123"},"modified":"2025-10-11T09:06:46","modified_gmt":"2025-10-11T09:06:46","slug":"batizados","status":"publish","type":"product","link":"https:\/\/biscandles.pt\/index.php\/product\/batizados\/","title":{"rendered":"Batizados"},"content":{"rendered":"<p>Cada momento \u00fanico merece uma cria\u00e7\u00e3o \u00e0 altura.<br \/>\nNa Bis Candles, personalizamos velas e arranjos exclusivos para casamentos, batizados, anivers\u00e1rios e outras celebra\u00e7\u00f5es especiais.<br \/>\nCada pe\u00e7a \u00e9 feita \u00e0 m\u00e3o, com amor, detalhe e o toque que transforma simples lembran\u00e7as em mem\u00f3rias inesquec\u00edveis.<br \/>\nConta-nos o teu sonho \u2014 n\u00f3s damos-lhe forma,\u00a0cor\u00a0e\u00a0aroma<\/p>\n","protected":false},"excerpt":{"rendered":"<p>Cada momento \u00fanico merece uma cria\u00e7\u00e3o \u00e0 altura. Na Bis Candles, personalizamos velas e arranjos exclusivos para casamentos, batizados, anivers\u00e1rios e outras celebra\u00e7\u00f5es especiais. Cada pe\u00e7a \u00e9 feita \u00e0 m\u00e3o, com amor, detalhe e o toque que transforma simples lembran\u00e7as em mem\u00f3rias inesquec\u00edveis. Conta-nos o teu sonho \u2014 n\u00f3s damos-lhe forma,\u00a0cor\u00a0e\u00a0aroma<\/p>\n","protected":false},"featured_media":124,"comment_status":"open","ping_status":"closed","template":"","meta":[],"product_brand":[],"product_cat":[19],"product_tag":[],"class_list":{"0":"post-123","1":"product","2":"type-product","3":"status-publish","4":"has-post-thumbnail","6":"product_cat-special","8":"first","9":"instock","10":"shipping-taxable","11":"product-type-simple"},"_links":{"self":[{"href":"https:\/\/biscandles.pt\/index.php\/wp-json\/wp\/v2\/product\/123","targetHints":{"allow":["GET"]}}],"collection":[{"href":"https:\/\/biscandles.pt\/index.php\/wp-json\/wp\/v2\/product"}],"about":[{"href":"https:\/\/biscandles.pt\/index.php\/wp-json\/wp\/v2\/types\/product"}],"replies":[{"embeddable":true,"href":"https:\/\/biscandles.pt\/index.php\/wp-json\/wp\/v2\/comments?post=123"}],"wp:featuredmedia":[{"embeddable":true,"href":"https:\/\/biscandles.pt\/index.php\/wp-json\/wp\/v2\/media\/124"}],"wp:attachment":[{"href":"https:\/\/biscandles.pt\/index.php\/wp-json\/wp\/v2\/media?parent=123"}],"wp:term":[{"taxonomy":"product_brand","embeddable":true,"href":"https:\/\/biscandles.pt\/index.php\/wp-json\/wp\/v2\/product_brand?post=123"},{"taxonomy":"product_cat","embeddable":true,"href":"https:\/\/biscandles.pt\/index.php\/wp-json\/wp\/v2\/product_cat?post=123"},{"taxonomy":"product_tag","embeddable":true,"href":"https:\/\/biscandles.pt\/index.php\/wp-json\/wp\/v2\/product_tag?post=123"}],"curies":[{"name":"wp","href":"https:\/\/api.w.org\/{rel}","templated":true}]}}